composite?
False
Is 9511 a prime number?
True
Is 475049 a composite number?
True
Is 212557 composite?
False
Is 24937 prime?
False
Is 3662003 a prime number?
False
Is 41719 a prime number?
True
Is 96893 composite?
False
Is 10193 composite?
False
Is 445 composite?
True
Is 467905 composite?
True
Is 45481 a prime number?
True
Is 5189 a prime number?
True
Is 395429 a composite number?
False
Is 15217 a prime number?
True
Is 89783 prime?
True
Is 24191 a composite number?
True
Is 63103 prime?
True
Is 337 prime?
True
Is 1077641 composite?
False
Is 72011 composite?
True
Is 157919 composite?
True
Is 68606 composite?
True
Is 9665 prime?
False
Is 15101 prime?
True
Is 124813 prime?
False
Is 338851 a composite number?
False
Is 301377 a composite number?
True
Is 30769 a prime number?
False
Is 61819 composite?
False
Is 40927 prime?
True
Is 1098481 a composite number?
False
Is 520787 a prime number?
True
Is 10223 a composite number?
False
Is 63211 composite?
False
Is 33769 prime?
True
Is 97181 a composite number?
True
Is 328619 a prime number?
True
Is 153557 composite?
False
Is 357353 a prime number?
True
Is 2312303 a composite number?
True
Is 9533 prime?
True
Is 5509 prime?
False
Is 179453 prime?
True
Is 470291 a prime number?
False
Is 20467 composite?
True
Is 17539 composite?
False
Is 152729 a prime number?
True
Is 120293 a prime number?
True
Is 10379 composite?
True
Is 382 a composite number?
True
Is 3309 prime?
False
Is 46381 composite?
False
Is 119397 a composite number?
True
Is 1514 composite?
True
Is 1286 a composite number?
True
Is 129413 a composite number?
True
Is 20122 prime?
False
Is 34897 composite?
False
Is 292679 a composite number?
False
Is 41719 composite?
False
Is 173137 composite?
False
Is 89653 composite?
False
Is 142841 prime?
True
Is 269117 a composite number?
False
Is 115715 prime?
False
Is 21803 a composite number?
False
Is 7621 composite?
False
Is 33179 prime?
True
Is 176957 prime?
False
Is 758 a prime number?
False
Is 945809 prime?
True
Is 8947 prime?
False
Is 1232657 prime?
True
Is 85039 prime?
False
Is 77223 composite?
True
Is 249707 prime?
False
Is 139021 a prime number?
True
Is 24935 prime?
False
Is 6229 prime?
True
Is 3793 a composite number?
False
Is 22433 a composite number?
False
Is 17399 a prime number?
False
Is 358049 a composite number?
True
Is 37421 a composite number?
True
Is 69467 a prime number?
True
Is 62203 prime?
False
Is 2863 a composite number?
True
Is 5407 a composite number?
False
Is 58885 a composite number?
True
Is 22897 a composite number?
True
Is 8603 composite?
True
Is 84589 a prime number?
True
Is 10133 a prime number?
True
Is 5029 a prime number?
False
Is 8843 a composite number?
True
Is 99971 composite?
False
Is 6143 prime?
True
Is 11015 a composite number?
True
Is 221843 composite?
True
Is 503087 a prime number?
False
Is 152147 a prime number?
True
Is 30029 prime?
True
Is 2647 composite?
False
Is 385997 a prime number?
True
Is 1151 prime?
True
Is 8209 prime?
True
Is 5945813 a composite number?
False
Is 68147 a composite number?
False
Is 541 a prime number?
True
Is 17077 prime?
True
Is 64997 composite?
False
Is 774959 prime?
True
Is 164487 prime?
False
Is 103127 composite?
True
Is 1801 a prime number?
True
Is 145753 a composite number?
False
Is 4367 a prime number?
False
Is 41719 composite?
False
Is 130241 composite?
False
Is 14171 a composite number?
True
Is 2455 a prime number?
False
Is 9253 a prime number?
False
Is 34253 prime?
True
Is 284285 a prime number?
False
Is 8059 a prime number?
True
Is 58371 composite?
True
Is 14995 composite?
True
Is 196609 composite?
True
Is 268409 a composite number?
True
Is 32267 a composite number?
True
Is 137263 composite?
True
Is 258373 a composite number?
False
Is 15313 a composite number?
False
Is 733459 a composite number?
False
Is 34541 a prime number?
False
Is 1151 a prime number?
True
Is 8285 a composite number?
True
Is 32267 a prime number?
False
Is 15839 a composite number?
True
Is 112243 prime?
False
Is 13811 a prime number?
False
Is 43807 a composite number?
True
Is 17657 composite?
False
Is 26933 a prime number?
False
Is 6119 a prime number?
False
Is 73517 prime?
True
Is 14509 composite?
True
Is 51383 prime?
True
Is 449633 a prime number?
False
Is 175249 prime?
False
Is 672701 a composite number?
True
Is 15877 composite?
False
Is 16333 prime?
True
Is 19031 a composite number?
False
Is 55659 composite?
True
Is 13453 a composite number?
True
Is 82807 prime?
False
Is 8813 a prime number?
False
Is 1029731 composite?
False
Is 147053 composite?
True
Is 28157 prime?
False
Is 76889 a composite number?
True
Is 1091201 prime?
False
Is 2449 a prime number?
False
Is 801331 prime?
True
Is 880629 a prime number?
False
Is 871 composite?
True
Is 190147 composite?
False
Is 4583 a composite number?
False
Is 25963 a prime number?
False
Is 68339 a prime number?
False
Is 42193 a composite number?
False
Is 1657 a composite number?
False
Is 267781 a composite number?
False
Is 15761 a composite number?
False
Is 36111 composite?
True
Is 3551 prime?
False
Is 7133 composite?
True
Is 517774 a composite number?
True
Is 211 prime?
True
Is 1241809 composite?
True
Is 25183 prime?
True
Is 426959 a composite number?
True
Is 54461 a composite number?
True
Is 855469 a prime number?
False
Is 256241 composite?
True
Is 249017 a prime number?
True
Is 12459 composite?
True
Is 11443 prime?
True
Is 1757 prime?
False
Is 34421 prime?
True
Is 862 composite?
True
Is 43509 a composite number?
True
Is 60719 a prime number?
True
Is 40481 prime?
False
Is 274237 a prime number?
True
Is 4111 a composite number?
False
Is 21941 prime?
False
Is 42529 composite?
True
Is 1986029 a prime number?
True
Is 631 a composite number?
False
Is 39499 a prime number?
True
Is 50581 prime?
True
Is 611587 a prime number?
True
Is 679 a prime number?
False
Is 13799 a composite number?
False
Is 32419 composite?
True
Is 48197 prime?
True
Is 6614 a composite number?
True
Is 6449 a prime number?
True
Is 1753 composite?
False
Is 102155 a composite number?
True
Is 11185 composite?
True
Is 88549 a prime number?
False
Is 75503 composite?
False
Is 1017563 composite?
True
Is 504613 a composite number?
True
Is 104446 a composite number?
True
Is 9029 composite?
False
Is 739 composite?
False
Is 4487 composite?
True
Is 8747 a prime number?
True
Is 1357883 prime?
True
Is 377581 a prime number?
True
Is 249367 composite?
False
Is 1686601 a composite number?
True
Is 219809 prime?
True
Is 423763 a composite number?
False
Is 292607 composite?
True
Is 57747 a composite number?
True
Is 34909 composite?
True
Is 49937 a prime number?
True
Is 164033 a prime number?
False
Is 27731 prime?
False
Is 61987 composite?
False
Is 51971 composite?
False
Is 4469587 a composite number?
False
Is 13709 composite?
False
Is 21683 a composite number?
False
Is 17483 composite?
False
Is 72991 a composite number?
True
Is 5003 a prime number?
True
Is 14423 prime?
True
Is 1477 a prime number?
False
Is 222533 a composite number?
False
Is 3679577 a prime number?
False
Is 113657 composite?
False
Is 164071 a composite number?
False
Is 1693 prime?
True
Is 8009 prime?
True
Is 9757 composite?
True
Is 45647 a composite number?
True
Is 369097 a composite number?
False
Is 7829 a composite number?
False
Is 223961 a prime number?
False
Is 10558 a prime number?
False
Is 298937 prime?
True
Is 385293 a composite number?
True
Is 915677 a composite number?
True
Is 25195 composite?
True
Is 1663 a composite number?
False
Is 5045 a prime number?
False
Is 32217 a composite number?
True
Is 66223 prime?
False
Is 43841 prime?
False
Is 2503 a prime number?
True
Is 421177 composite?
False
Is 170167 composite?
False
Is 55 a prime number?
False
Is 582749 a composite number?
True
Is 257973 a composite number?
True
Is 96643 a composite number?
False
Is 25687 prime?
False
Is 172954 a composite number?
True
Is 26057 a composite number?
True
Is 6805 a prime number?
False
Is 5839 composite?
False
Is 1481593 a composite number?
True
Is 17431 composite?
False
Is 853 prime?
True
Is 59183 prime?
True
Is 2281 composite?
False
Is 22613 a composite number?
False
Is 711377 a prime number?
False
Is 2207 a prime number?
True
Is 1949529 prime?
False
Is 896437 composite?
True
Is 97423 composite?
False
Is 39583 a compo